*i + 17. Give q(-2).
31
Let t(a) = 7*a**2 + 1. Give t(2).
29
Let t(l) = -l**3 - 13*l**2 + 14*l - 16. Calculate t(-14).
-16
Let l(n) = n**3 - n**2 - 2*n - 3. Calculate l(3).
9
Let j(n) = n**2 - n - 7. Determine j(3).
-1
Let r(t) = t**2 + 10*t + 13. Calculate r(-11).
24
Let s(o) = -20*o - 44. Give s(-4).
36
Let x(c) = c**3 - 8*c**2 - 4*c + 4. Calculate x(9).
49
Let b(d) = 6*d + 50. What is b(-10)?
-10
Let w(d) = 25*d + 54. Determine w(-3).
-21
Let y(x) = x**2 - 24*x + 74. Determine y(24).
74
Let w(j) = 58*j - 4. Give w(-1).
-62
Let h(i) = i + 5. Calculate h(4).
9
Let v(k) = -3*k**2 - k + 7. Give v(-6).
-95
Let x(v) = v**2 + 3*v - 1. Calculate x(2).
9
Let o(w) = 2*w**2 - 18*w + 15. Give o(7).
-13
Let j(q) = q**3 - 14*q**2 + 39*q + 2. Calculate j(10).
-8
Let x(g) = 20*g - 363. Determine x(18).
-3
Let n(c) = -c**2 + 17. Give n(6).
-19
Let r(a) = 2*a - 15. Calculate r(10).
5
Let q(k) = -9*k + 2. Determine q(-2).
20
Let k(m) = -9*m - 77. Determine k(-10).
13
Let a(w) = -w**3 + 2*w - 5. Calculate a(0).
-5
Let o(l) = l + 1. Calculate o(-3).
-2
Let d(p) = p**3 - 7*p**2 + 10*p - 5. What is d(5)?
-5
Let v(u) = u**2 + 5*u + 7. Give v(-5).
7
Let q(w) = w**3 - 39*w**2 - 84*w + 90. Give q(41).
8
Let o(u) = -9*u + 2. Calculate o(0).
2
Let r(a) = -a + 12. Give r(6).
6
Let q(p) = -p**3 + 13*p**2 - 17*p - 30. What is q(11)?
25
Let m(o) = -3*o + 5. Calculate m(3).
-4
Let t(h) = -h**3 - 3*h**2 + 4*h + 6. Give t(-3).
-6
Let y(g) = -g**3 + 2*g**2 + 17*g - 15. Calculate y(5).
-5
Let w(v) = -v**3 + 15*v**2 + 74*v - 14. What is w(-4)?
-6
Let u(n) = 3*n + 14. Give u(-2).
8
Let l(z) = -3*z**2 - 20*z - 9. Give l(-7).
-16
Let c(o) = -o**3 + 5*o**2 + 2*o + 4. What is c(3)?
28
Let u(m) = -3*m + 5. Give u(-8).
29
Let v(u) = u**2 + 20*u + 26. Give v(-18).
-10
Let r(k) = -k**3 + 14*k**2 - 14*k + 6. Calculate r(13).
-7
Let f(g) = -2*g**3 + 2*g**2 - 2*g + 5. Calculate f(0).
5
Let j(b) = -13*b - 1. Give j(-2).
25
Let z(o) = -o**3 + 2*o**2 - o + 12. What is z(3)?
0
Let r(v) = -v**3 + 59*v**2 + 187*v - 65. What is r(62)?
-3
Let r(h) = -6*h**2 + 134*h - 136. Calculate r(1).
-8
Let h(v) = -v**3 + 15*v**2 + 9*v - 23. What is h(16)?
-135
Let p(b) = b**3 + 8*b**2 + 63*b + 143. Give p(-3).
-1
Let w(j) = j**2 - j + 1. What is w(4)?
13
Let h(v) = 2*v**2 - 9*v - 9. Determine h(8).
47
Let l(h) = -11*h**3 - 2*h - 1. Calculate l(-1).
12
Let j(d) = 3*d + 3. What is j(-2)?
-3
Let v(t) = -t**3 - 9*t**2 + 30*t + 89. Give v(-11).
1
Let m(d) = d**2 - 14*d - 6. Determine m(6).
-54
Let p(d) = d**2 + 7*d - 32. Determine p(-11).
12
Let f(k) = k - 13. Give f(16).
3
Let r(q) = q**2 + 17*q - 55. Give r(-20).
5
Let l(x) = -x + 1. Determine l(-7).
8
Let o(s) = -s**2 + 5*s - 6. Determine o(3).
0
Let o(g) = -g**3 + 8*g**2 + 8*g - 2. Calculate o(8).
62
Let i(o) = 2*o**2 - 6*o + 5. What is i(4)?
13
Let n(p) = p**3 + 25*p**2 + 24*p - 16. Give n(-24).
-16
Let o(v) = 11*v + 312. Give o(-28).
4
Let i(l) = 12*l. Calculate i(-1).
-12
Let d(l) = -l**2 + 11*l - 16. What is d(10)?
-6
Let j(c) = -c**2 - 3*c + 10. Calculate j(-6).
-8
Let l(x) = -x**3 + 2*x**2 + 4*x + 3. Give l(4).
-13
Let a(c) = -c**2 - 6*c + 3. Determine a(-6).
3
Let d(t) = -t**3 - 4*t**2 - 2*t + 2. What is d(-2)?
-2
Let p(t) = -2*t**3 - 22*t**2 - 19*t. Give p(-10).
-10
Let q(v) = v**3 - 7*v**2 + 9*v - 13. What is q(6)?
5
Let v(a) = -a**2 + 4*a - 2. Calculate v(4).
-2
Let u(w) = -2*w - 4. Give u(-4).
4
Let i(r) = -r + 9. Give i(0).
9
Let b(k) = -13*k + 3. Give b(0).
3
Let y(t) = t**3 - 12*t**2 - 39. Calculate y(12).
-39
Let l(z) = -z**3 - 7*z**2 + z - 7. Calculate l(-7).
-14
Let u(j) = -j**3 - 23*j**2 - 4*j - 86. What is u(-23)?
6
Let m(j) = -3*j + 19. What is m(9)?
-8
Let g(u) = u**2 + 16*u + 8. Give g(-12).
-40
Let y(x) = -15*x**2 - 8*x + 4. Determine y(2).
-72
Let a(l) = 3*l**2 - 4*l - 9. Calculate a(5).
46
Let i(t) = -27*t + 112. What is i(4)?
4
Let g(u) = -3*u**2 + 41*u + 7. Calculate g(14).
-7
Let k(r) = -4*r**2 + 12*r + 4. Give k(3).
4
Let s(t) = -2*t + 13. Give s(12).
-11
Let p(j) = -j + 4. Determine p(-12).
16
Let f(u) = -17*u + 3. Calculate f(0).
3
Let m(i) = -2*i**2 - 8*i - 6. Calculate m(-7).
-48
Let z(b) = -b**3 - 14*b**2 - 14*b - 13. Calculate z(-13).
0
Let z(v) = -2*v**3 - 10*v**2 - 4*v - 21. What is z(-5)?
-1
Let r(j) = -5*j - 50. Determine r(-8).
-10
Let l(m) = 64*m**2 - 448*m - 3. Calculate l(7).
-3
Let m(x) = 2*x**3 - 50*x**2 - 12. What is m(25)?
-12
Let a(m) = m - 21. Calculate a(-3).
-24
Let m(s) = s**2 - 11*s + 10. What is m(10)?
0
Let k(x) = -7*x - 3. Determine k(4).
-31
Let m(q) = 2*q**2 + 6*q + 6. What is m(-3)?
6
Let s(u) = -11*u + 202. What is s(18)?
4
Let q(m) = 3*m**3 - 7*m**2 - 5*m + 4. Determine q(3).
7
Let q(b) = -b**3 + 11*b**2 + b + 18. Give q(11).
29
Let v(h) = -h**2 - 10*h + 13. What is v(-11)?
2
Let t(y) = -y**3 + 11*y**2 - 9*y + 13. What is t(8)?
133
Let w(p) = -p**3 - 11*p**2 + 6*p + 16. What is w(-11)?
-50
Let u(p) = p**3 - 16*p**2 + 14*p + 18. Determine u(15).
3
Let o(s) = s**3 + 10*s**2 + s + 11. What is o(-10)?
1
Let a(h) = h - 12. What is a(14)?
2
Let x(r) = -3*r**2 + 59*r - 43. Calculate x(19).
-5
Let c(q) = 3*q**3 - 25*q**2 + 9*q - 15. Determine c(8).
-7
Let q(j) = -8*j**2 + 2*j + 2. Determine q(2).
-26
Let v(n) = n**2 + n - 47. Give v(-13).
109
Let q(v) = -v**3 - 4*v**2 - 5*v - 4. Determine q(-4).
16
Let a(n) = -2*n - 2. What is a(12)?
-26
Let l(j) = -j**2 + 5*j + 16. Determine l(6).
10
Let p(l) = 2*l - 7. Calculate p(4).
1
Let n(d) = d**3 - d**2 + 5*d - 3. Give n(2).
11
Let a(p) = -5*p + 64. What is a(19)?
-31
Let f(n) = n**3 - 7*n**2 + 8*n - 3. Give f(5).
-13
Let f(i) = 7*i + 5. Determine f(3).
26
Let j(i) = -i**3 - 2*i**2 + 2*i + 3. Give j(-3).
6
Let y(v) = v + 24. Calculate y(8).
32
Let a(f) = -f + 5. Give a(3).
2
Let w(l) = -l**3 - 43*l**2 + 45*l + 43. Determine w(-44).
-1
Let w(q) = -2*q + 31. Calculate w(8).
15
Let p(c) = 16*c**3 + c**2 - 1. What is p(-1)?
-16
Let w(f) = -f**3 + 10*f**2 - f + 8. Calculate w(10).
-2
Let t(z) = z - 7. Calculate t(10).
3
Let m(f) = 4*f + 13. Calculate m(-6).
-11
Let u(g) = 7*g + 26. Give u(-6).
-16
Let m(h) = 2*h - 50. Calculate m(22).
-6
Let v(h) = -3*h + 73. Give v(22).
7
Let m(w) = -w**2 + 13*w - 1. Determine m(10).
29
Let f(j) = -8*j - 82. Calculate f(-9).
-10
Let d(n) = -n**2 + 2*n + 9. Determine d(-5).
-26
Let f(p) = p**2 - 40*p + 259. What is f(32)?
3
Let t(w) = -w - 20. What is t(-15)?
-5
Let u(y) = y - 15. What is u(-4)?
-19
Let g(i) = 6*i - 1. Give g(2).
11
Let g(t) = 6*t**2 - 2*t + 1. Calculate g(2).
21
Let v(i) = -i**3 - 21*i**2 + 24*i + 51. Calculate v(-22).
7
Let q(y) = -y**2 + 16*y - 3. Determine q(16).
-3
Let p(w) = 4*w + 8. What is p(-2)?
0
Let f(o) = -2*o - 12. Calculate f(-3).
-6
Let m(a) = 3*a - 3. Calculate m(9).
24
Let r(z) = 16*z - 228. Determine r(15).
12
Let x(a) = -6*a**2 - 16*a + 7. Determine x(-3).
1
Let d(o) = 2*o**3 - 3*o**2 - 4*o + 5. Calculate d(2).
1
Let l(z) = -z**3 - 22*z**2 - 21*z - 90. Calculate l(-21).
-90
Let u(j) = -124*j**3 + 2*j**2 - 4*j + 3. Determine u(1).
-123
Let t(m) = 34*m - 62. Give t(2).
6
Let g(y) = -8*y**2 + 6*y - 7. Calculate g(2).
-27
Let p(i) = -3*i**3 - 28*i**2 + 20*i - 24. Calculate p(-10).
-24
Let x(q) = -q**3 + 23*q**2 - 19*q - 37. What is x(22)?
29
Let i(l) = -5*l**2 + 2*l + 4. Give i(2).
-12
Let v(g) = g**3 + 2*g**2 - 5*g + 2. Determine v(2).
8
Let l(f) = -f**2 + 19*f - 28. Calculate l(16).
20
Let x(q) = -2*q**2 + 6*q - 5. Calculate x(4).
-13
Let y(b) = -b**3 + 3*b**2 + 8*b - 9. Determine y(4).
7
Let a(p) = -p**2 - 9*p - 32. Calculate a(-11).
-54
Let t(k) = -35*k + 1. Give t(1).
-34
Let o(l) = -l**2 + 7*l - 7. Calculate o(6).
-1
Let s(x) = -x**3 - 5*x**2 - 4*x - 4. What is s(-4)?
-4
Let t(b) = b**3 - 12*b**2 + b - 18. Determine t(12).
-6
Let u(a) = 7*a - 27. Determine u(4).
1
Let v(g) = g**2 - 17*g - 39. Give v(19).
-1
Let q(l) = -l**2 - 3*l - 11. What is q(0)?
-11
Let n(i) = -3*i - 5. Give n(-6).
13
Let c(f) = -f**3 + 3*f**2 + 9*f + 3. Give c(-2).
5
Let y(s) = 42*s**2 - 1. Give y(1).
41
Let i(y) = y**3 + 19*y**2 + 7*y + 133. Calculate i(-19).
0
Let i(b) = -39*b - 1092. Calculate i(-28).
0
Let d(x) = -5*x + 257. Calculate d(52).
-3
Let t(o) = o**3 - 15*o**2 - 8*o - 107. Determine t(16).
21
Let z(n) = -6*n + 7. What is z(2)?
-5
Let u(b) = -b**3 + b**2 + b + 1. What is u(-1)?
2
Let t(x) = -4*x - 68. Give t(-18)